 + 5))?
5
1 - (5 + 5 + 0 - 7)
-2
What is the value of 15 + 0 + -14 + 5?
6
What is the value of -9 + -4 + 5 + 4?
-4
What is -10 + (2 - ((1 - 8) + 4))?
-5
What is 115 + -124 + 5 + 2?
-2
-2 - 4 - (2 + 2 + -9)
-1
Evaluate (-2 - -3) + 8 + -5.
4
Evaluate (-2 - -10) + (-3 - 4 - -4).
5
Calculate (0 - 1) + -1 + 1 + 1.
0
Evaluate 4 - 3 - (13 + -14).
2
What is -5 + 5 + -1 + -3 - 1?
-5
Calculate 11 - ((6 - 7) + 3 + 4).
5
Evaluate -14 - (-27 - (2 - 14)).
1
What is the value of -15 + 22 + (2 - 7) + 2?
4
What is (-1 - (-6 + (-4 - -6))) + 2?
5
Evaluate 3 + 1 + -1 + -23 + 19.
-1
Evaluate 2 + -4 - (8 - 8).
-2
Evaluate 17 + -31 + (2 - -1).
-11
What is the value of 7 + -5 + -4 + (0 - 1)?
-3
Calculate 3 + 2 + -1 + (31 - 29).
6
What is the value of -2 + -4 + 10 + 1?
5
Evaluate (5 - 2) + 1 + (-1 - 5).
-2
Calculate (0 - 1) + 9 + -6 + 2.
4
Evaluate 2 + -2 + 3 - 1 - 1.
1
-2 - -1 - (10 + 6 + -16)
-1
(1 - 0 - 2) + (0 - -2)
1
Calculate -8 + 2 + 3 + (3 - 2).
-2
Calculate (1 - (1 + -5)) + 6 + -10.
1
Evaluate -6 + (-2 - -6) - (4 - 8).
2
-8 - (-3 + -4 + 0 + 7)
-8
What is the value of (-2 + 5 - 1) + (5 - 8)?
-1
What is -9 - (-2 - 7) - 3?
-3
Evaluate 4 - 9 - (-3 - 0).
-2
What is the value of -2 - (3 - 1 - 1)?
-3
Evaluate 4 - (-1 + (-8 - -9)).
4
0 + -16 + 9 - -7
0
Calculate (-8 - (-5 - 6)) + -6.
-3
What is the value of 10 + -4 - 4 - 2 - -1?
1
Evaluate -2 + (4 - 0) + -3.
-1
What is 16 - 22 - (7 - 10)?
-3
What is the value of 8 - (15 - (-2 + 6))?
-3
What is the value of (2 - 3) + -5 + 4 + -1?
-3
What is the value of (7 + -5 - (4 - 7)) + 3?
8
Calculate 2 + 5 + 4 + -5.
6
Evaluate 11 - -6 - 1 - 14.
2
-3 - (-10 - -2 - -3)
2
Evaluate (-1 - 1) + 0 + 0 + 3.
1
-2 + 0 + (6 - 3)
1
What is the value of 14 + -12 - (-4 - 1)?
7
6 + (-7 - (4 + -4 + -5))
4
Calculate (7 - (-3 - -8)) + 1 + -1.
2
What is 6 - (-2 - 2 - -3 - -4)?
3
Evaluate -3 + -1 - (4 + 1 - 5).
-4
What is (6 - 10) + 3 - (2 - 5)?
2
What is the value of 6 - (-6 - (3 + -11 + 2))?
6
Evaluate (8 - -1) + 36 + -41.
4
(4 - 3) + (2 - -2)
5
What is -1 + (-2 + 3 - 0)?
0
Evaluate -1 - -1 - (5 + -8) - 0.
3
What is 0 + (-1 - 3) - (-1 + 0)?
-3
-7 + (2 - -4 - 4)
-5
What is the value of -14 + 14 - (-2 + -2) - 2?
2
What is the value of (-2 - (0 - 4)) + 0?
2
What is the value of 0 + 1 + -6 + 2?
-3
Evaluate -8 + 3 + 0 - -4.
-1
Evaluate -6 - (-15 - -13 - (1 - 0)).
-3
What is 6 - (-5 + 11 + 1)?
-1
(-5 - (-4 - -4)) + 18 - 7
6
Evaluate -6 - (-5 - (2 - 1)).
0
Calculate -1 - 4 - -6 - 8.
-7
What is 6 + (-7 - 6) + -5 + 7?
-5
Calculate 2 - (-1 - (0 - (1 - 1))).
3
-33 + 29 + -1 + 6 + -7
-6
What is -18 - (11 - 20) - -15?
6
What is the value of (-4 + 14 - 0) + -3?
7
Evaluate -1 + 4 + 0 + (-12 - 0).
-9
1 + 4 + 2 - 6 - 7
-6
Evaluate -3 - (-7 + 4 + -2).
2
Evaluate -27 + 21 + 1 + 12.
7
Evaluate -3 - (8 + -5 + -2) - -1.
-3
Calculate (-5 - -2) + (-1 - -4) + -3.
-3
What is the value of -2 + -3 + 8 - 3 - 2?
-2
Calculate -4 + (10 - 2) - 8 - -7.
3
Evaluate (2 - 2) + (-3 - -4) + -2.
-1
What is the value of (1 - -5) + (2 - (10 + -1))?
-1
Evaluate (11 - 14) + 3 + 3 + -5.
-2
Evaluate -3 - (7 + -2 + -7 + 0).
-1
What is the value of -1 + (6 - 5 - -1)?
1
What is the value of -2 - -6 - (4 + -3 + -1)?
4
What is 6 + -2 + (4 - 2 - 5)?
1
Calculate (-2 - -3) + (0 - (-1 + 6)).
-4
Calculate 4 - (1 - -1 - 0) - -3.
5
Calculate (1 - 0) + 0 + -1 + 1.
1
Calculate 6 + -2 + (-4 + 1 - -7).
8
(6 - (-4 - -12)) + (0 - 0)
-2
What is the value of (0 - (-3 + -2)) + 4 + -8?
1
What is the value of -4 + (14 + -18 - (2 - 10))?
0
What is -7 + 6 + -4 - 8 - -3?
-10
309 - 305 - (1 + -2 + -1)
6
Calculate (4 - 2) + 0 + -7.
-5
What is 2 - (2 - 1) - 3?
-2
Evaluate -1 - 2 - ((5 - 0) + -5).
-3
2 + (1 - 3) + -1
-1
Evaluate -2 - ((3 - 4) + 2) - -4.
1
What is (-12 - -17 - -1) + (-15 - -1)?
-8
Evaluate (-3 - 3) + 18 + -10 + -7.
-5
What is the value of -1 - (17 - (6 - -5))?
-7
What is -9 - (-4 + -13 + 8)?
0
What is 6 + -1 + (1 - 6)?
0
What is -2 - (-13 - (-13 + 4))?
2
-5 + (5 - (5 + 1)) - 0
-6
3 + 4 + -6 - 0
1
What is the value of (-6 - -2) + (2 + -3 - -1)?
-4
Evaluate 3 - -1 - (3 + -3 - -2).
2
What is (-2 - 2) + 1 - -11?
8
Calculate 8 + -5 + -2 - -4.
5
Calculate 0 - (-6 + -5) - (-2 + 9).
4
What is 3 + 0 + 2 - 10?
-5
Calculate 7 - (8 + -8) - 4.
3
What is -3 + 6 - 7 - -3?
-1
Calculate 1 + (1 - -1 - (4 - 3)).
2
What is the value of 2 + -5 + 0 + 6?
3
What is 3 - ((6 - 9) + 7)?
-1
What is 5 + 1 - (1 + 1)?
4
(1 - -1) + (-3 - -3)
2
What is (0 - -3) + (4 - (7 - 2))?
2
Calculate (3 - (1 + 0)) + -4.
-2
What is the value of -3 + 0 - (-11 + 19 + -6)?
-5
What is the value of 0 + (1 - -3) + -7?
-3
(1 + 0 - -2) + (5 - 3)
5
3 - (-6 - (4 + -3))
10
What is the value of 6 + 2 + 1 + -6?
3
Evaluate 0 - -5 - (-2 - -3).
4
What is -3 + (-4 - -4) + 5 - 7?
-5
Calculate (2 - 3) + -1 - -3 - 3.
-2
Evaluate -8 + 1 - (-4 + 14 + -13).
-4
-3 - (-7 - 1) - (2 + 0)
3
Evaluate -2 + 2 + (5 - 2) + -4.
-1
Evaluate 0 - -7 - (-5 - -7).
5
What is 0 + (7 - 1) - (-130 + 134)?
2
Evaluate (-1 - 2) + -6 - -4.
-5
-4 + (50 - 44) + 1 + -6
-3
What is -5 + (-8 - (-7 + 4)) - -5?
-5
What is the value of 5 - (5 + (-10 - -7))?
3
10 - 13 - (-5 + -1)
3
Evaluate (-9 - -9) + -2 + 1.
-1
What is the value of -12 + -1 + -10 + 16?
-7
What is the value of -7 + -4 + (0 - 0) + 6?
-5
Calculate 1 + (3 - 1) + -28 + 23.
-2
What is the value of (-2 + -2 - 1) + 1?
-4
Calculate -2 + 4 - (-2 + 0).
4
What is 0 - 4 - (-2 - -1)?
-3
What is the value of -8 - (5 + -5 - 6)?
-2
(-13 - (-1 - 1)) + 1 + 4
-6
Calculate 1 - (2 + 0) - -1 - -3.
3
-2 + (0 - 0) + (7 - 1)
4
Calculate -19 + 21 + (0 - 3).
-1
Calculate (-3 - -6) + -4 + -2.
-3
Calculate (0 + 5 - 3) + -5.
-3
What is the value of -7 + 15 + -27 + 23?
4
What is the value of -10 + 14 - (8 - -1)?
-5
4 + (-8 - -1) - -2
-1
Calculate 4 + (-2 - -3 - 3).
2
Evaluate (-1 - (2 - 3)) + -2.
-2
Calculate 1 + 2 - (5 + (8 - 8)).
-2
Evaluate -5 - (-11 + (-5 - -12)).
-1
14 + (0 - (6 - -4)) + 3
7
What is the value of 90 + -84 - (14 - 1)?
-7
Evaluate (-2 - 2) + 3 + -1.
-2
12 + -7 - (0 + 1) - -1
5
What is -2 + -2 + 7 + -1?
2
What is 3 - (4 - 1 - (6 - 3))?
3
Evaluate -11 + (3 - 2) - -6.
-4
What is -5 - (-5 + 5 + -6)?
1
What is the value of 0 - (3 - (10 - 4))?
3
(4 - 5 - 3) + (2 - 2)
-4
What is 5 + -1 + 1 - -1 - -1?
7
Calculate -7 + 3 - -6 - -5.
7
25 + -19 - (0 - (-1 - 1))
4
What is -7 + (14 - 8 - -4)?
3
(10 - 5) + -7 - -5
3
Evaluate -9 - -8 - -6 - 4.
1
What is the value of 9 + -14 + 7 + -7?
-5
4 - ((-3 - -6) + -2)
3
What is the value of -17 + 11 + (-10 - -13)?
-3
Calculate 0 - -1 - (-7 + 5).
3
What is the value of -27 - (-25 - -1) - (-11 + 1)?
7
What is -38 - -41 - (3 - 1)?
1
Calculate -9 - (-7 + 10 + -7).
-5
What is the value of -1 - -4 - (7 + -12 + 5)?
3
What is the value of 2 + 3 + -4 - -2?
3
-1 + 0 - ((5 - -1) + -2)
-5
What is -1 + (-3 - -4) + (-3 - -1)?
-2
Evaluate 1 - 0 - (-17 + 18).
0
Evaluate -3 + (-9 - (-1 + -2)).
-9
Calculate -1 + 0 + 0 - (10 - 8).
-3
What is 2 + 1 - -2 - (-120 + 131)?
-6
-3 + 0 + -11 + 9
-5
What is (0 - (-8 + 2)) + -1?
5
Calculate 8 + (-10 - -1) + -2.
-3
What is -3 - (-6 + 8) - -1?
-4
Evaluate (-1 - -8) + -7 - 3.
-3
What is the value of (-2 + 2 - 0) + 2 - 5?
-3
What is 62 + -72 - (0 + -8)?
-2
What is 0 + (6 - (4 - 2 - 0))?
4
What is 1 - (1 + 6) - -10?
4
Calculate -15 - -13 - (-5 - 1).
4
Evaluate (-6 - -6 - -4) + (2 - 4).
2
Calculate 0 - (-5 - (-1 + 0)).
4
What is -3 + (6 - (2 + -1))?
2
Calculate -2 - -3 - 4 - 2.
-5
Evaluate 2 + (-4 - -1) + -3.
-4
Calculate -2 - (4 - (-4 - -10)).
0
What is 1 + 0 + 4 + -2 + -1?
2
Calculate -4 - (4 + 10 + -20).
2
What is the value of 3 + (2 - 4) + 4?
5
What is -6 + -6 - (-13 + 8)?
-7
Evaluate 4 - (0 + 10) - -2.
-4
3 - (2 - -2 - (3 + 1))
3
Calculate (6 - (-1 - 0)) + (2 - 5).
4
3 + -14 + (3 - -3) - -13
8
What is 6 + -3 + -10 - (33 - 36)?
-4
(-3 - -2 - -1 - 2) + 6
4
Evaluate -12 + (14 - 4) - (2 - 1).
-3
Calculate 2 - -12 - (1 - -4) - 3.
6
What is (-4 - 2) + 7 + -1 + -5?
-5
-2 - (-5 - -1 - (3 + -5))
0
What is the value of (-2 - 1) + -3 - (1 - 2)?
-5
(6 - 7) + 6 - 15 - -3
-7
What is 8 + (6 + -5 + 2 - 10)?
1
Evaluate -10 - ((-7 - -9) + -6).
-6
What is the value of 1 + -2 + -4 + 9?
4
33 + -22 + -18 + -1
-8
What is the value of -26 + 29 + -5 + 0?
-2
Evaluate -7 - (7 + -5) - -7.
-2
What is the value of -6 - (-17 - -11 - 4)?
4
What is -2 + 2 - (16 - 6)?
-10
Calculate -24 + 33 - (-1 - -6).
4
(-3 - -4 - -3) + -1 + -8
-5
C